2*d + 26, d = 2*y - 7. Suppose -4*r + 2*r + 4*t = -38, 5*r = t + 59. Suppose r = 5*i - z + 3*z, 4*i = -3*z + y. What is the units digit of i?
3
Let k = 148 + 9. What is the units digit of k?
7
Let g(c) = -19*c**3 - 6*c**2 - 19*c - 65. What is the hundreds digit of g(-5)?
2
Suppose q = 3*v + 1182, -4*q - 2*v + 3863 = -893. What is the hundreds digit of q?
1
Let i be 3 + 2 + (-4)/2. Suppose -i*b = 3 - 0. What is the tens digit of (16 + b)/((-9)/(-6))?
1
Let m(w) = 2*w**3 + 4*w**2 - 4*w - 1. Let b(v) = -5*v - 12. Let r be b(-3). What is the tens digit of m(r)?
7
Let m(n) = 8*n - 26. Suppose -4*t + 3*p = -47, 6*t = t - p + 35. What is the tens digit of m(t)?
3
Suppose 0 = 5*q + 370 - 970. Suppose -3*b - q + 586 = 5*i, i - 90 = b. What is the tens digit of i?
9
Let p(q) = q**3 - 15*q**2 - 15. Let k be p(15). Let y be 0 + -2 + 3 - k. Let z = 4 + y. What is the units digit of z?
0
Let h = 17 + -14. Suppose 4*a = -i - 3*i + 52, -h*a + 31 = -5*i. What is the tens digit of a?
1
Suppose x + 25 = -5*m, 0 = -3*m + 2*m + 5*x - 5. Let f be 30/(2 - (-2)/(-4)). Let o = m + f. What is the tens digit of o?
1
Suppose -5*y + 74 = -x - 4*y, -330 = 5*x + 3*y. Let w = 129 - x. What is the units digit of w?
8
Let l = 6 + -4. Let a(m) = m**3 + 15*m**2 - 17*m + 16. Let o be a(-16). Suppose -o + 20 = -l*x. What is the units digit of x?
6
Let p be (-3)/9 + 74/6. Let w(k) = k - 7. Let a(t) = -5*t + 34. Let o(m) = 4*a(m) + 22*w(m). What is the units digit of o(p)?
6
Suppose -12 = -4*i - 40. Let l = -5 - i. Suppose l*j - 46 = 3*r, j - 14 = r - 4*r. What is the tens digit of j?
2
Suppose 5*b - 5*t - 14325 = 0, -13*b + 5*t - 8619 = -16*b. What is the hundreds digit of b?
8
Let o(p) = -p**3 + 13*p**2 - 13*p - 17. Let r be o(11). Suppose 5*b = 5*u - 838 - r, -4*u = b - 726. What is the hundreds digit of u?
1
Suppose -l - 49 = -2*l. Suppose 23 + l = 4*w. What is the units digit of (w + -5)*(0 - -1)?
3
Let c(q) = 3*q - 6. Let n(o) = 2*o**3 - 4*o**2 - 2*o + 3. Let p be n(3). Let m = p - 7. What is the tens digit of c(m)?
1
Let t(l) be the first derivative of 11*l**3/3 + l**2 - 13*l - 19. What is the hundreds digit of t(-4)?
1
Let o(p) = 168*p**2 + 5*p + 2. Suppose -3*f = m + f - 11, 9 = 3*f. What is the units digit of o(m)?
5
Let m(n) = n**2 + 4*n - 44. What is the units digit of m(64)?
8
Let h = -73 - -13. Let g be ((-2)/(-6))/((-10)/h). Suppose -g*o - 39 = -3*d, 0 = 5*o - 4 + 19. What is the units digit of d?
1
What is the units digit of (-82960)/(-119) + (-12)/(-14)?
8
Let j be (-37)/(4/12*(-3)/10). Suppose -4*i + j - 1402 = -4*a, 2*a + i = 525. What is the units digit of a?
1
Let h be (0/(-3 - -1))/1. Let l(u) be the third derivative of u**6/120 - u**4/24 + 5*u**3/6 + 31*u**2. What is the units digit of l(h)?
5
Let d(i) = 729*i**2 + 11*i + 14. What is the hundreds digit of d(-2)?
9
Suppose -5*w + 5*b + 15 = 0, 0*w + 3*b + 14 = 4*w. Suppose 4*x = -3*h + 6*x + 974, -w*h - 2*x = -1650. What is the tens digit of h?
2
Let l = 9508 + -5793. What is the hundreds digit of l?
7
What is the units digit of (1288/42)/(4/120)?
0
Let w(q) = 3 - 2 + 2 - 46*q + 11*q. What is the units digit of w(-4)?
3
Let r = -72 + 74. What is the tens digit of (-348)/2*(r + 30/(-9))?
3
Let y(d) = 11*d**2 + 19*d + 46. What is the tens digit of y(-8)?
9
Let v(d) be the first derivative of -d**3/3 - 3*d**2/2 + 8*d - 8. Let f be v(4). What is the units digit of 5/(f/(-136)) - 2?
2
Let x = 17 + -13. Suppose -2*z - x*r = -3 - 13, 3*r - 12 = 5*z. Suppose 2*t + 3*j - 3 + 0 = z, -3*j = -t + 15. What is the units digit of t?
6
Suppose -26*l + 37422 = -824. What is the units digit of l?
1
Let r(v) = v**2 - 4*v - 11. Let d be r(7). What is the tens digit of (-25)/((-5)/(d + 0))?
5
Let m be (-58)/4 - (-12)/8. Let l = 5 - m. Suppose -2*n + l = -2*w + w, -2*n - 4*w + 18 = 0. What is the units digit of n?
9
Suppose -8*f + 504 = -480. What is the tens digit of f?
2
Let k(c) = c**3 + 14*c**2 - 9*c - 9. What is the units digit of k(-8)?
7
Let s = -19 + 136. Suppose -z + 147 = 5*c, -27 = -5*c - 2*z + s. What is the units digit of c?
0
Let x = 412 - 239. Suppose -3*d + 382 = -x. What is the units digit of d?
5
Let g be 2 + (-1 - -123)*-1 - -2. Let d = g + 210. What is the units digit of d?
2
Suppose -20*o = -15*o - 5. Let m be (-4 + 3)/(o/(-7)). Let c(p) = 4*p + 8. What is the tens digit of c(m)?
3
Let b = 116 + -87. Let r = 11 + b. What is the tens digit of r?
4
Let o = 60 - 36. What is the units digit of 2/3 - 614*(-4)/o?
3
Let h(j) = -j**3 - 18*j**2 + 26*j - 95. What is the units digit of h(-21)?
2
Let a be ((-2)/(-6))/((-1)/(-15)). Suppose -a*b + 104 = 3*m - 265, 5*b = -m + 113. Suppose -2 = -2*z, -i = 4*i + 3*z - m. What is the units digit of i?
5
What is the units digit of (-350)/(-8) - 39/(-156)?
4
Let b be (-88)/(-48) - (-1)/6. Suppose 4*n - 14 = b*n. Suppose -28 - n = -5*z. What is the units digit of z?
7
Let r(l) = 3*l**3 + 23*l**2 - 17*l + 15. Let j(g) = g**3 + 8*g**2 - 6*g + 5. Let o(m) = 11*j(m) - 4*r(m). What is the tens digit of o(-5)?
1
What is the units digit of (46915/33)/((-30)/(-18))?
3
Suppose 18 = -4*d + 546. Suppose d = 2*b - 4*i, -4*i + 7 = -5. What is the units digit of b?
2
What is the tens digit of ((-207)/(-6))/(6 - (-35)/(-6))?
0
Suppose 5*m = -c - c + 43, -4*m + 48 = 5*c. Let l(i) = -i**2 + 11*i - 7. Let o be l(m). Let d = o + -9. What is the units digit of d?
2
Let c be ((-21)/14)/((-2)/(-28)) - -1. What is the tens digit of (10*(-3)/8)/(5/c)?
1
Suppose 3388 = -18*u + 20974. What is the units digit of u?
7
Let d be (-38)/(-8) - (-2)/8. Suppose d*o = 4*o + 36. Suppose 0 = -2*z - 4*r + o, -36 = -z + 4*r + 12. What is the tens digit of z?
2
Let r = 782 - 548. What is the units digit of r?
4
Let k = -3 - -11. Let w(f) = -f**3 + 6*f**2 + 16*f + 3. Let c be w(k). Suppose 2*l - c*l = -55. What is the units digit of l?
5
Suppose -54*s = -19*s - 60515. What is the thousands digit of s?
1
Suppose 2*v = 5*m + 38, -m + 5*v = 14 + 12. Let w(y) = y**2 + 5*y - 1. Let x be w(m). Suppose -x*h = -0*h - 45. What is the units digit of h?
9
Let w = -11 - -30. Let i = -9 + w. Suppose -v + i = -h - 15, 4*h = 0. What is the tens digit of v?
2
Suppose -4*t + 2*t - 448 = -d, -t = -2*d + 881. What is the units digit of d?
8
Let d(y) = y**2 + 9*y + 1. Suppose 2*a - 27 = 2*n + n, 5*a + 70 = -5*n. What is the tens digit of d(n)?
2
Let d = 18 + -6. Let c = d + -10. Suppose 0*a + 2 = c*a. What is the units digit of a?
1
Let v be (-12)/10*8*15/(-6). Let t = 58 - v. What is the units digit of t?
4
Let c(g) = -g + 5. Let y be c(6). Let z(d) = 64*d + 2. Let u(h) = 65*h + 2. Let f(o) = 6*u(o) - 7*z(o). What is the units digit of f(y)?
6
Let x be -4 + 1422*-3 - (-2 + 0). What is the units digit of x/(-28) + (-9)/21?
2
Let r be (3 - (-12)/(-20))/((-3)/170). Let o = r + 280. What is the tens digit of o?
4
What is the tens digit of 26/(-4)*(-5)/((-15)/(-222))?
8
Let m(u) = -6*u - 151. Let q(b) = 4*b + 101. Let n(w) = 5*m(w) + 8*q(w). What is the units digit of n(0)?
3
Let p(r) = r**2 - 4*r + 7. Let m be p(3). What is the tens digit of 2/m - (6 + 1335/(-10))?
2
What is the units digit of ((-4777)/(-102))/((-2)/(-12))?
1
What is the thousands digit of 10304/((-16)/(-4)) - -6?
2
Suppose -13*g + 14*g - 3 = 0. Suppose 17 = -g*k - x, 5*k + 35 = -2*x - 3*x. Let b(v) = -5*v - 8. What is the units digit of b(k)?
7
Let q = 11 + -7. Suppose -3*y + q*y - 3 = 0. Let a(z) = 3*z**3 - 5*z**2 + z + 2. What is the units digit of a(y)?
1
Suppose -s + 1101 = -5*t, -3208 = -3*s - 7*t + 3*t. What is the thousands digit of s?
1
Suppose -6*z - 540 = -6420. What is the hundreds digit of z?
9
Let h be ((-98)/56 - (-2)/8)*-24. Suppose p = -5*k + 12, -2*p + 0*k + h = -2*k. What is the tens digit of p?
1
Let c = 4852 + 54. What is the units digit of c?
6
Let o be (-2)/(1/(-2)*-4) + 5. Suppose 0 = -o*v + 2*v + m + 211, 4*m + 329 = 3*v. What is the units digit of v?
3
Let b(s) = 2*s**2 + 10*s + 5. Let f = 12 + -17. Let k be b(f). Let o = 5 + k. What is the tens digit of o?
1
Let r(y) = 10*y**2 + y + 2. Let l = -26 - -24. What is the units digit of r(l)?
0
Let n = 17 + -9. Let s(r) = 0 + r - 4 + 2 - 1. What is the units digit of s(n)?
5
Suppose -5*q = -2*j + 5360, q - 5*j = -3*q - 4288. Let f be (-4)/30 - q/(-60). Let n = f + 31. What is the units digit of n?
3
Let